57 = 3*d + 2*d, -x*m - 2*d = -300. Is m a composite number?
True
Suppose 0 = 5*v + 3*k + 16412 - 469353, 3*v - 271771 = -5*k. Is v a prime number?
False
Is -5 + 23815535/70 + (-5)/(-70) composite?
True
Is (-148)/(-18)*17617 - (-20)/180 composite?
True
Suppose -19*c + 71220 = -14*c - 4*s, -5*s + 14244 = c. Let h = -7775 + c. Is h composite?
False
Suppose 50*i + 1866064 = 4603778 + 4713036. Is i a prime number?
False
Let g = 289 + -284. Suppose 4*z - 238 = -2*l, -g*z - 600 = -5*l - 10*z. Is l composite?
True
Let x be (-2)/(-24)*89810 + 1/(-6). Let h = -4837 + x. Is h a prime number?
True
Suppose -d = d + 2*m - 360, -3*d + 2*m = -535. Let j = -582 + 310. Let n = d - j. Is n a prime number?
False
Let a be (-2)/(-17) + (-30)/(-34). Let p be a/2 - 2 - 7035/(-14). Let u = p + -342. Is u a composite number?
True
Suppose -16*o + 225097 - 22553 = 0. Is o a composite number?
False
Let a(g) = 3*g**3 - 22*g**2 + 6*g + 26. Let o(l) = -l**3 - l**2 - l + 1. Let u(x) = -a(x) - 2*o(x). Let v = -3 - -26. Is u(v) prime?
True
Suppose -183*i + 84 = -176*i. Suppose i*k - 54942 = 606. Is k a prime number?
False
Let z = -42 + 47. Suppose -5*c + 1736 = -c - 3*g, 4*c = -z*g + 1768. Let m = 636 - c. Is m composite?
False
Suppose 22*p - 18 = 16*p. Suppose -p*n + 5*k + 1212 = 0, -3*n + 4*k - 1648 = -7*n. Is n composite?
False
Let m(k) = 52*k + 5*k + 1072 - 1079. Is m(34) composite?
False
Suppose 107*r + 28453036 = 175*r. Is r a prime number?
True
Let f = -2 - -9. Let n = f + -7. Suppose -h + 3*i = 2*h - 591, 4*h - i - 800 = n. Is h prime?
False
Let b = 21 + -15. Suppose -11*q + b + 5 = 0. Let r(t) = 1347*t - 1. Is r(q) prime?
False
Let q = 703852 - 452151. Is q prime?
True
Let j(w) = 4739*w + 3665. Is j(66) a composite number?
False
Let g(j) = j**2 - 6*j - 3. Let q be g(7). Suppose 5938 = -5*r - q*u + 22038, 0 = -4*r - u + 12880. Let w = -2069 + r. Is w a composite number?
False
Let s = 36 - 31. Suppose 26 = 2*v + 5*t, v - s*t - 13 = -8*t. Suppose -884 = v*r - 17*r. Is r a prime number?
False
Suppose 0*l + 1274646 - 9821743 = -13*l. Is l a composite number?
False
Let d = 192 + -196. Is (-41 + 13)*29/d a composite number?
True
Let f be -1 + -3 + (-50466)/(-6). Suppose -2*x + f = -h, -5*h - 4221 = -x - h. Is x a composite number?
False
Let i(j) = j**3 + 7*j**2 - 7*j - 4. Let b be i(-8). Let z be 12/(-10)*13720/b. Suppose 10*d - 78 - z = 0. Is d a prime number?
False
Let m(d) = 60*d**2 + 12*d - 46. Let p be m(9). Suppose -2*k + p = 3*n, -4*k - 2*n = -6*n - 9844. Is k composite?
True
Let a(y) = y**2 + y - 1. Let s be a(1). Let l be -1 - 289 - (2 + -2). Is (3/s - l)/1 composite?
False
Suppose -5*y = -7 + 7. Let q be (y/1)/1 + 112*28. Is 2/(6/15 + q/(-7940)) a prime number?
True
Suppose -2*n + 2*o = 10, -4*n + 0*o + 3*o - 15 = 0. Suppose -3*k = -n*k - 18. Suppose 7*w = k*w + 89. Is w composite?
False
Suppose -6*q = -13*q + 56. Suppose -2*v = -m + 895, -3*v + 907 = m - q*v. Is m a prime number?
True
Let t(c) = 121*c**3 - 2*c**2 - c + 3. Let r(u) = 2*u + 18. Let o be r(-7). Is t(o) prime?
False
Let f(s) be the second derivative of -s**5/20 + s**4 - 2*s**3 + 8*s**2 - 11*s. Let o be f(11). Suppose 3*v = -3*r + 468, -v + 309 = v + o*r. Is v composite?
False
Suppose -o + 18 = -7*o. Let s(a) = -3*a - 5. Let m be s(o). Suppose -m*i - 390 = -r, -r + 783 = r - 5*i. Is r prime?
False
Suppose 3*r - 4*l - 839 = 0, 1 + 7 = -4*l. Let t = 1676 - r. Is t composite?
False
Let c(r) be the second derivative of r**6/40 - r**5/20 + r**4/3 - r**3/2 - 17*r**2 - 47*r. Let j(n) be the first derivative of c(n). Is j(5) prime?
True
Let w(a) = 573*a - 70. Let t(m) = m + 2. Let f(j) = -6*t(j) - w(j). Is f(-7) a composite number?
False
Let x be -73*(0 + -7) + -2. Let d = 5635 - 4422. Suppose 5*l = -4*f + d, 0 = -4*f + 2*l + x + 725. Is f a composite number?
False
Suppose 0 = -5*x + 2*s + 138655, 3*s - 5*s = 3*x - 83177. Suppose 2*t = -2*w + 55474, 3*t - w - x = 2*t. Is t a prime number?
True
Suppose -5*c + 2*b + 719 = 0, 5*c - 63 - 646 = -3*b. Let j = 1476 + c. Is j composite?
False
Suppose 1091375 - 91906 = 5*s - 2*q, 5*q = 15. Is s composite?
True
Let b(i) = -9*i**3 - 7*i**2 - 86*i - 181. Is b(-38) a composite number?
True
Let f = 1116 + 5944. Let u = f - 4038. Is u prime?
False
Suppose 4*g + 3*r - 39022 - 170970 = 0, -4*r - 16 = 0. Is g a prime number?
True
Suppose d - 12 = 2*w - d, 0 = 3*w + 2*d - 7. Is (276/(-36))/(-23)*(5008 + w) a prime number?
True
Let s be (3*((-20)/12)/1)/(-1). Suppose 0*g + 4*g = -t + s, -3*g - 3 = 3*t. Suppose -g*n = -4*n + 2302. Is n a composite number?
False
Suppose -2*b + 647 + 2937 = 0. Let n = 2664 - b. Is n/3 - 6/(-18) a prime number?
False
Suppose -653 = -4*h - 29. Suppose 0 = -h*b + 157*b - 541. Is b a prime number?
True
Suppose 0 = -3*j - 2*p + 601719, -7*j = -6*j + 3*p - 200587. Is j composite?
False
Let z(m) = -3*m**2 - 18*m + 10. Let d be z(-6). Is 10651/1 - 0*2/d a composite number?
False
Is (1152/(-1920))/(1/(-432805)) a prime number?
False
Is (-5523 - (-1 + -3))*-23 a composite number?
True
Suppose 4*i = v - 763669, 48*i = 4*v + 49*i - 3054591. Is v composite?
False
Let u(p) = 80*p**2 + 70*p + 29. Is u(40) composite?
False
Let y(s) = 852*s - 25. Suppose -4*o - 15 = a - 64, 5*o - 77 = 4*a. Is y(o) a composite number?
True
Let d = 10275 - -2176. Is d a composite number?
False
Is (4925/(-10) + -4)*(-44)/6 prime?
False
Let m be (-1491)/18 - (3 + (-17)/6). Let t = 1 - m. Is (489/6)/(6/t) prime?
False
Let c(f) = f**2 + 24*f + 3. Let i be c(0). Suppose -3*s + 104527 = i*u - 34877, -3*u + 3*s = -139422. Is u a composite number?
False
Suppose 0*m + 235166 = 5*m + 2*q, -2*m = -4*q - 94052. Suppose -9*s + 5*s + m = j, -3*s - 4*j = -35287. Is s a composite number?
True
Let t(p) = 207*p**2 - 28*p - 48. Is t(11) a prime number?
True
Suppose -3*t - 5*c = -347, -2*t = -t + c - 119. Let n(r) = -t*r - 157*r + 59 + 61*r - 20*r. Is n(-7) a composite number?
True
Let r = 276586 - 190083. Is r prime?
False
Let w be ((-9)/(-6))/((-3)/24*-2). Is 147752/64 - w/(-16) a composite number?
False
Let v(o) = -890*o - 512*o - 628*o + 0 - 9. Is v(-2) a prime number?
True
Let k = -156897 - -264884. Is k a prime number?
False
Is (355604 - 4) + -1*(2 - 11) a composite number?
False
Suppose 0 = p + x - 49681 - 117410, -3*p = 2*x - 501281. Is p composite?
False
Let z(x) = 5311*x**3 + 7*x**2 + 16*x + 35. Is z(5) a prime number?
False
Let f(j) = 149*j**3 + 4*j**2 + 37*j - 23. Is f(12) prime?
True
Let b = 180 + -185. Let r(v) = 940*v**2 + 17*v + 104. Is r(b) prime?
False
Is 3229028/22 - -4 - (0/(-2) + 1) a composite number?
False
Let r(p) = -3606*p - 1319. Is r(-11) a composite number?
True
Let s be (-2)/(-3 + 347874/115962). Suppose 0 = -25*d + 32*d - s. Is d a prime number?
False
Let c(x) = 65 - 27 - x - 19. Is c(-14) a composite number?
True
Let w be (104/3 + 2)*534. Suppose -4*z = 2*h - 10886, 4*h - 5*z - w = 2231. Is h a prime number?
True
Suppose -57 = -5*s + 68. Let z = -22 + s. Suppose 3173 = z*k - 2*t, k + 2*t = 3*t + 1059. Is k prime?
False
Let v = -45 + 125. Suppose v = -4*t + 6628. Is t prime?
True
Let j = 5987 + 15036. Is j a prime number?
True
Let x(i) = 3*i**2 - 3*i + 5. Let t be (-4)/18 + 20/9. Let u be (-52)/(-10)*-1 + t/10. Is x(u) composite?
True
Suppose 19 = 4*u - t, 4*u + 0*t = 2*t + 22. Suppose -u*w + 1454 = -7494. Is w composite?
False
Suppose -5*b - 12016 = -3*y, -5*b + 10*y - 12020 = 5*y. Let f = b - -4371. Is f prime?
False
Let k(g) be the third derivative of 5/12*g**4 + 19*g**2 + 13/60*g**6 + 7/6*g**3 + 0 + 0*g + 1/15*g**5. Is k(5) a prime number?
True
Suppose 2*h - 3*u + 462 = -93, -3*h + 2*u = 845. Let y be 1184/(-10)*h/6. Suppose -4*w + 15364 = y. Is w composite?
True
Suppose 8*b = 19 + 29. Suppose -58*x = -55*x - b. Suppose -2*k + 4*h = 3*k - 14715, 2*h + 5888 = x*k. Is k prime?
True
Suppose -119*y - 3*q - 1021522 = -136*y, 3*y = -2*q + 180261. Is y a composite number?
False
Let i = -156468 - -322991. Is i a prime number?
False
Let z(c) = -698*c - 375. Is z(-8) a prime number?
True
Let w(y) = 1178*y**2 + y. Let t(q) = -q + 15. Let v be t(15). Let x be -2 + (3 - (v + 4))/(-1). Is w(x) a prime number?
False
Suppose -4*y + 9*q = 7*q - 1881442, -q = -4*y + 1881447. Is y prime?
False
Let m be 186/(-15)*-3 - 14/70. Is m/((56/(-2219))/(-8)) a composite number?
True
Let l = -484